82886 a composite number?
True
Is 2367629 a composite number?
True
Is 112766 composite?
True
Is 187366 composite?
True
Is 14509 a prime number?
False
Is 553351 a prime number?
True
Is 171233 prime?
True
Is 197033 a composite number?
False
Is 334159 prime?
False
Is 313343 a composite number?
False
Is 7435757 prime?
False
Is 200699 a composite number?
False
Is 202021 prime?
True
Is 521407 composite?
True
Is 3047 composite?
True
Is 179918 a prime number?
False
Is 5885189 a prime number?
True
Is 338803 composite?
False
Is 19883 composite?
True
Is 19191 a composite number?
True
Is 5920243 a prime number?
False
Is 362671 composite?
True
Is 358535 a prime number?
False
Is 30377 composite?
True
Is 5158 a prime number?
False
Is 106019 a composite number?
False
Is 4398611 composite?
True
Is 2099 a prime number?
True
Is 11539 a composite number?
True
Is 368477 composite?
True
Is 163469 a composite number?
False
Is 13911 composite?
True
Is 221147 a prime number?
False
Is 70423 a prime number?
True
Is 17769 a composite number?
True
Is 2609 a prime number?
True
Is 8241791 a composite number?
False
Is 137162 a prime number?
False
Is 1841 a composite number?
True
Is 198173 a composite number?
False
Is 31817 a prime number?
True
Is 5926 a composite number?
True
Is 3821 prime?
True
Is 41579 composite?
False
Is 16273 a composite number?
False
Is 39301 a prime number?
True
Is 79103 a composite number?
False
Is 1772639 a prime number?
False
Is 5333 prime?
True
Is 3287441 a composite number?
False
Is 31387 composite?
False
Is 96833 a composite number?
True
Is 18481 a prime number?
True
Is 157915 prime?
False
Is 59222 composite?
True
Is 111913 a prime number?
True
Is 869 a composite number?
True
Is 74593 a prime number?
False
Is 588477 a composite number?
True
Is 56081 a prime number?
True
Is 27407 a composite number?
False
Is 477881 a prime number?
True
Is 1383253 a composite number?
True
Is 1087 prime?
True
Is 24721 a prime number?
False
Is 4633 composite?
True
Is 983209 a prime number?
True
Is 576382 a composite number?
True
Is 4139 prime?
True
Is 67207 composite?
True
Is 7637 composite?
True
Is 21467 a composite number?
False
Is 203549 a composite number?
False
Is 9617 prime?
False
Is 1543081 composite?
False
Is 11579 prime?
True
Is 17609 composite?
False
Is 61627 a composite number?
False
Is 3457 a composite number?
False
Is 215087 prime?
True
Is 15829 prime?
False
Is 8639 a prime number?
False
Is 6033 composite?
True
Is 503 composite?
False
Is 26461 composite?
True
Is 137791 a prime number?
True
Is 96043 composite?
False
Is 68363 composite?
True
Is 986753 composite?
True
Is 122131 composite?
False
Is 116411 composite?
False
Is 231169 composite?
False
Is 61133 a prime number?
False
Is 88367 prime?
False
Is 13971 a composite number?
True
Is 169543 a composite number?
True
Is 787793 a prime number?
True
Is 375341 composite?
False
Is 9311 composite?
False
Is 1973 a prime number?
True
Is 1136287 a composite number?
False
Is 66887 a composite number?
True
Is 950465 a composite number?
True
Is 4220011 a composite number?
True
Is 424123 a composite number?
True
Is 331 prime?
True
Is 3343 a composite number?
False
Is 67091 composite?
True
Is 3491 a prime number?
True
Is 407567 composite?
False
Is 342337 a composite number?
False
Is 13667 prime?
False
Is 129407 composite?
True
Is 450797 composite?
False
Is 15091 composite?
False
Is 598979 a prime number?
False
Is 218783 prime?
True
Is 18211 a composite number?
False
Is 655439 prime?
True
Is 123545 a prime number?
False
Is 43939 prime?
False
Is 128237 a composite number?
False
Is 102793 a prime number?
True
Is 2203 prime?
True
Is 13641 composite?
True
Is 386407 a composite number?
True
Is 1847 prime?
True
Is 2402 prime?
False
Is 362719 a prime number?
False
Is 10597 a prime number?
True
Is 8609 prime?
True
Is 68633 composite?
False
Is 5639 composite?
False
Is 2719 a composite number?
False
Is 3487 a composite number?
True
Is 2398391 composite?
False
Is 14189 a prime number?
False
Is 152527 composite?
True
Is 6326 prime?
False
Is 192077 a prime number?
False
Is 66029 prime?
True
Is 15877 a prime number?
True
Is 797 prime?
True
Is 24571 composite?
False
Is 2953 composite?
False
Is 74959 prime?
True
Is 315313 prime?
True
Is 5333 prime?
True
Is 57689 composite?
False
Is 3183901 prime?
False
Is 35437 a composite number?
False
Is 653599 a composite number?
True
Is 5147 prime?
True
Is 365747 a prime number?
True
Is 15551 prime?
True
Is 15661 composite?
False
Is 4499 a prime number?
False
Is 1796567 composite?
False
Is 159 a prime number?
False
Is 166319 composite?
False
Is 8657 a prime number?
False
Is 5981 composite?
False
Is 7915 composite?
True
Is 269573 a composite number?
False
Is 110666 a composite number?
True
Is 14777 prime?
False
Is 31802 a composite number?
True
Is 220123 composite?
False
Is 877 a prime number?
True
Is 68534 a prime number?
False
Is 6007 a prime number?
True
Is 11791 a composite number?
True
Is 1727 prime?
False
Is 158059 a prime number?
False
Is 52265 composite?
True
Is 58657 a prime number?
True
Is 1202957 composite?
True
Is 8121 a prime number?
False
Is 123829 composite?
False
Is 12517 a composite number?
False
Is 40143 composite?
True
Is 29642 a composite number?
True
Is 25733 a prime number?
True
Is 1399 composite?
False
Is 1174069 a prime number?
False
Is 42923 prime?
True
Is 208189 prime?
True
Is 185273 composite?
True
Is 136463 composite?
False
Is 57037 a composite number?
False
Is 77002 a composite number?
True
Is 1175677 a composite number?
False
Is 818 prime?
False
Is 21787 a prime number?
True
Is 85798 prime?
False
Is 451741 a composite number?
True
Is 1176473 a prime number?
False
Is 3662 a composite number?
True
Is 33433 a composite number?
True
Is 281597 composite?
True
Is 3497161 a composite number?
False
Is 8467 prime?
True
Is 21271 prime?
False
Is 231197 prime?
True
Is 45529 composite?
True
Is 18965 a prime number?
False
Is 120641 composite?
False
Is 592271 a composite number?
True
Is 14987 prime?
False
Is 3069269 a composite number?
True
Is 307 prime?
True
Is 2123 composite?
True
Is 557483 a composite number?
False
Is 1579 composite?
False
Is 1151 a composite number?
False
Is 1383 a prime number?
False
Is 126667 composite?
True
Is 6709 a prime number?
True
Is 682597 prime?
True
Is 11987 prime?
True
Is 4559 a composite number?
True
Is 130337 a prime number?
True
Is 172633 a prime number?
True
Is 24851 a composite number?
False
Is 34649 composite?
False
Is 201653 a prime number?
True
Is 24151 a composite number?
False
Is 15919 prime?
True
Is 2459 a composite number?
False
Is 29519 composite?
True
Is 91474 a prime number?
False
Is 439613 a prime number?
True
Is 75877 prime?
False
Is 560389 a prime number?
False
Is 671011 a prime number?
False
Is 126667 prime?
False
Is 15101 a prime number?
True
Is 66161 a composite number?
False
Is 23269 a composite number?
False
Is 576493 composite?
False
Is 21481 a prime number?
True
Is 20201 composite?
False
Is 202261 a composite number?
True
Is 208961 composite?
False
Is 43933 composite?
False
Is 95957 prime?
True
Is 1546279 a prime number?
False
Is 356387 a composite number?
False
Is 33559 a composite number?
True
Is 57261 a composite number?
True
Is 3821 a composite number?
False
Is 446 prime?
False
Is 970351 composite?
False
Is 9391 prime?
True
Is 87485 a prime number?
False
Is 30739 a prime number?
False
Is 10643 prime?
False
Is 18609 a composite number?
True
Is 6295 a prime number?
False
Is 419369 prime?
False
Is 39297 a prime number?
False
Is 202549 a composite number?
False
Is 8717 a composite number?
True
Is 270681 composite?
True
Is 114871 a composite number?
True
Is 91421 a composite number?
True
Is 42118 composite?
True
Is 18937 prime?
False
Is 121829 composite?
True
Is 19907 prime?
False
Is 1589207 a composite number?
False
Is 135059 a composite number?
False
Is 228101 a prime number?
False
Is 909353 prime?
False
Is 9587 a prime number?
True
Is 27091 prime?
True
Is 17651 a prime number?
False
Is 22877 prime?
True
Is 22205 composite?
True
Is 418973 a composite number?
True
Is 1525763 a prime number?
True
Is 9409 composite?
True
Is 84163 prime?
True
Is 171919 a prime number?
False
Is 1361 a prime number?
True
Is 6197 prime?
True
Is 9